-91)?
2, 3, 7
Suppose -1 = 22*o - 21*o. Let a be (o - 109/5)*(-5)/2. Suppose -4*t = -a - 335. What are the prime factors of t?
2, 7
Suppose 57*s - 62*s + 360 = 0. List the prime factors of 404 + s - (0 + -5).
13, 37
Suppose 1288 - 5483 = -o. Suppose -4*q + 3*f = -o, 4*f = 4*q - f - 4197. What are the prime factors of q?
2, 131
Let w(x) = x**3 + 19*x**2 + 4*x - 9. Let s be 18/8*12*2/(-3). What are the prime factors of w(s)?
3
Let x(q) = q**3 + 3*q**2 + 7*q + 33. Let p be x(-3). What are the prime factors of (-224)/p*(-195)/10?
2, 7, 13
What are the prime factors of ((-332990)/(-14) - 11) + -1?
23773
What are the prime factors of -255*(-17)/(-170)*-206?
3, 17, 103
Let x = -11668 - -20881. What are the prime factors of x?
3, 37, 83
Suppose -184661 - 153139 = -50*g. What are the prime factors of g?
2, 3, 563
Suppose -39*f - 52196951 = -670*f. What are the prime factors of f?
82721
Suppose 0 = 2*z - 4*y - 26488, -z - 6548 = 2*y - 19816. List the prime factors of z.
2, 1657
What are the prime factors of 41346/6 - 0 - -8?
6899
Let a = 5177 + -2147. What are the prime factors of a?
2, 3, 5, 101
Let t(k) = 6*k - 27*k + 11 - 126. What are the prime factors of t(-15)?
2, 5
Let b(f) = 19*f**2 - 3*f + 5. Let i = 610 - 618. What are the prime factors of b(i)?
3, 5, 83
Suppose 34124*m - 34130*m + 481752 = 0. What are the prime factors of m?
2, 3, 6691
Let r = 9040 - 6311. What are the prime factors of r?
2729
List the prime factors of 21/(-35) - (-5149900)/250.
20599
Suppose 2*b - 22262 = z - 5429, 2*b + z - 16827 = 0. List the prime factors of b.
3, 5, 11, 17
Let c = 112 - 112. Suppose -u + 109 = -k, c*u + 330 = -3*k + 4*u. Let n = -62 - k. List the prime factors of n.
2, 11
Suppose -5*i + 75623 = -q, -3*q + 23839 = 3*i - 21524. List the prime factors of i.
2, 19, 199
Let n be 567/3 + (0 - -2). Let g be 267*(-5)/(-15)*-1. Let t = n + g. What are the prime factors of t?
2, 3, 17
Let t(d) = 734*d**2 - 9*d + 23. What are the prime factors of t(2)?
17, 173
What are the prime factors of (-1)/(-5) + 611990/50?
2, 3, 5, 17
Let z(n) be the first derivative of 8*n**2 - 90*n + 102. What are the prime factors of z(18)?
2, 3, 11
Suppose -7*p + 3*p = -3*h - 11, h + 3 = p. Let n(c) = -15*c**p + 124*c**2 - 4*c + 3*c + 1. List the prime factors of n(1).
109
Suppose 3*a - 23734 = -c, -4*a + 2476*c = 2480*c - 31664. List the prime factors of a.
11, 719
Suppose -5*m - 3*s + 10 = -12, -2*m + 3*s = -13. Suppose 0*n + 0*n = -m*n. Suppose 6*j + n*j - 276 = 0. What are the prime factors of j?
2, 23
Let m = 544 - 210. Let t = m + 1194. What are the prime factors of t?
2, 191
Suppose -2*z + 99 = -3*w, z - 6*w - 57 = -2*w. Suppose -u - z = -6*u. Suppose -x + 4*a + u = 0, 2*x - 2*a - 43 = a. What are the prime factors of x?
29
Let f(x) = 255*x**2 + 5*x - 4. Suppose -3*u + 2 = -1. What are the prime factors of f(u)?
2
List the prime factors of (-80)/(-6)*(-300024)/(-180) - 3.
3, 823
Let o(d) = 55*d**2 + 239*d + 34. What are the prime factors of o(7)?
2, 31, 71
Let f(r) = -r**3 + 37*r**2 - 22*r - 1356. List the prime factors of f(-24).
2, 3, 953
Let k = 1205 - 1196. Let r be (18/2)/((-6)/4). List the prime factors of 213/2 - k/r.
2, 3
Let u = 163 - 161. Suppose -5054 = -5*y + 3*w, 2*y = -0*y - u*w + 2028. List the prime factors of y.
2, 11, 23
Suppose 0 = 2*v + b - 42684, -3*v - b + 20719 + 43304 = 0. What are the prime factors of v?
3, 2371
Let j = 6 + -2. Suppose 16 = -0*m + j*m. Suppose 0 = m*a - 2*k - 76, 4*a - 68 = -3*k + k. List the prime factors of a.
2, 3
Suppose -15*x = -i - 12*x + 1896, 4*x = 4*i - 7584. What are the prime factors of i?
2, 3, 79
Let w(t) = 44983*t**3 - 2*t**2 + 1. Let q be w(1). Suppose -6898 - q = 4*p. What are the prime factors of 4/22 + p/(-55)?
2, 59
Let g = -124 - -148. Let w(c) = 6*c + 59. List the prime factors of w(g).
7, 29
Let y be -6*(-252)/27 + 8. Let u = y - -12. List the prime factors of u.
2, 19
Let u = 4311 + 9908. What are the prime factors of u?
59, 241
Let z(f) = -198*f**3 - 9*f**2 - 6*f + 31. List the prime factors of z(-3).
2, 2657
Let s(h) be the first derivative of 7*h**4/4 + 4*h**3/3 - 8*h + 439. Suppose -2*g = -5*g + 9. What are the prime factors of s(g)?
7, 31
Suppose -19*v + 14*v = -20. Suppose v*w + 3*w = 21. Suppose -2*u + 4*z = -297 - 103, 621 = w*u + z. List the prime factors of u.
2, 103
Let u(d) be the second derivative of -d**5/20 - 5*d**4/6 - 7*d**3/6 + d**2 + 19*d. Let k be u(-10). Suppose k = s - 43. What are the prime factors of s?
5, 23
Let u(b) = -b**2 - 3*b + 15. Let d be u(-5). Suppose -5*o + 2244 = -l, -d*l + 0*l - 20 = 0. What are the prime factors of o?
2, 7
List the prime factors of (7637035/(-530))/(2/(-4)).
7, 23, 179
Let i(n) = 516*n**3 - 6*n**2 + 49*n - 133. List the prime factors of i(3).
2, 23, 151
Let h(d) = 1 - 14*d + 6*d**2 + 0*d**2 - 9*d**2 - 3*d**2. List the prime factors of h(-2).
5
Suppose -7*q + 6*q = 4*o + 22, 0 = -5*o - 3*q - 24. List the prime factors of ((-2968)/24 - -9)*o.
2, 43
Let x(i) = 27*i + 6. Let y be x(-2). Let a = -50 - y. Let f(k) = -12*k**3 + 3*k. List the prime factors of f(a).
2, 3, 5
Let v(n) = -35*n**3 - 6*n**2 - 8*n. Let l be v(-2). Let u = 20 - 20. List the prime factors of (l - (1 - u)) + (-1 - 0).
2, 3, 5
List the prime factors of (5/(-10)*25713)/(14/(-28)).
3, 2857
Suppose -23 = -3*j + 7. Let k be 84/j*(-70)/(-4). Suppose c - k = -3*z + 4*c, -5*z = c - 221. List the prime factors of z.
3, 5
Suppose 0*v = -4*q - v - 4, 4*q + 20 = -5*v. Suppose q = -0*m + 4*m - 2244. Suppose 3*o = 3*f - m, 941 = f + 4*f - 3*o. What are the prime factors of f?
2, 5, 19
Let d(i) = -4*i**3 - 35 + 3*i**3 + 27 + i + 7*i**2. Let j be d(7). List the prime factors of 4 - (51 - -1)/j.
2, 7
Let s be (-3)/2*1/(9/(-6)). Let f = -91 - -87. List the prime factors of 218 + (-3 + s - f).
2, 5, 11
List the prime factors of (7701/34)/(3/298).
149, 151
Suppose 21*y - 51*y + 1502435 = 29*y. What are the prime factors of y?
5, 11, 463
Suppose 0 = 131*h - 132*h + 223. Let b = 21 + h. List the prime factors of b.
2, 61
Let m be 30/135 + 4/(-18). Suppose m = -2*j + j + 2. List the prime factors of 4 - (j + (-9 - -4)).
7
Let f(m) = -m**3 - 9*m**2 - 14*m - 6. Let k be f(-6). Let y be (k/7)/((-36)/168). What are the prime factors of (-72)/(y/5)*-2?
2, 3
Suppose 2*q - 12688 = -2*w, 27260 = 4*q - 5*w + 1893. List the prime factors of q.
6343
Let i(v) = 2256*v + 878. What are the prime factors of i(9)?
2, 7, 17, 89
Let y = -217 + 230. Suppose 20124 = 26*a - y*a. List the prime factors of a.
2, 3, 43
Let z(u) = -u**3 - 9*u**2 - 9*u + 27. Let m be z(-13). Let p be 3*(-4 - 1*m/(-12)). Let o = -25 + p. List the prime factors of o.
2, 3, 7
Let b(p) = -30*p - 29. Suppose c + 8 = -r, -r = -2*c - 0 - 10. Let n be b(c). Let t = n + -39. What are the prime factors of t?
2, 7
Suppose m + j = 27, 2*m - 6*m = -5*j - 135. Let g = -36 + m. List the prime factors of (-378)/(-12) - (-9)/g.
2, 3, 5
Let h be (-62)/(1 + -2) + 2. Let j be 98/2 + 0 + 2. Let k = h - j. List the prime factors of k.
13
Suppose h = 4*j - 3*h - 72, -2*j + h = -32. Let k(q) = 17*q + 470. Let s be k(-29). Let v = j - s. What are the prime factors of v?
37
Let c = 298 + -222. Suppose -96*p + c*p = -16560. List the prime factors of p.
2, 3, 23
Suppose -6*c + 49 = 3*n - 4*c, 4*c - 83 = -5*n. Suppose -4*f + n = -1. Suppose f*i - 3*b - 434 = 0, 3*i + 3*b - 127 = 188. List the prime factors of i.
107
What are the prime factors of 1/((6/(-80))/(907704/(-420)))?
2, 1801
Suppose -13*n = -6 - 59. Suppose 0 = 4*g + n*z - 584, -g = 9*z - 12*z - 129. What are the prime factors of g?
3, 47
What are the prime factors of 7953 - ((16/3)/2 - 26/39)?
7951
Let d(n) = 3*n**2 - 2*n - 11. Suppose -x = 4*a - 56, -2*x + 145 - 40 = a. Let o = -46 + x. What are the prime factors of d(o)?
5, 17
Suppose 0*y + 8621 = 4*y + 3*s, 3*s = -3. Suppose -12*o = -1372 - y. What are the prime factors of o?
2, 3, 7
Let r(w) = -5*w - 35. Let g be r(-7). Let n(a) = -a. Let m be n(g). Suppose -5*f + 7*f - 88 = m. What are the prime factors of f?
2, 11
Let b(a) = 130*a - 364. What are the prime factors of b(24)?
2, 13, 53
Let d(u) = -48*u - 2. Let m = -480 - -473. List the prime factors of d(m).
2, 167
Suppose -2*x + 2*g + 16 = -2*g, 0 = 3*x + 5*g - 2. Suppose 234 = 2*z + x*f, 3*f - 112 - 3 = -z. What are the